Let f be (4/8)/(4/56). Let c(b) = 9*b + f*b - 10*b + b - 9 + b**2. Give c(u).
-1
Let z(a) = -6417*a + 12333*a - 11 + a**2 - 5912*a. Let c(d) = -8*d**2 - d - 1. Let i be c(-1). Give z(i).
21
Let i(r) = 41*r**2 - 15*r - 14. Let z(c) = -19*c**2 + 7*c + 7. Let h(y) = -6*i(y) - 13*z(y). Give h(-2).
-1
Let z be (2 - 60/35)/(2/42). Let n(h) = z - 24 + 2*h**3 - 59*h + 9*h**2 - 3*h**3 + 54*h. Give n(8).
6
Let t = -101 + 123. Let m(y) = -9*y + 5*y**3 + 6 - 12*y**2 - 6*y**3 + t*y**2. Give m(9).
6
Let v(w) = -w**3 - w**2 - 2*w. Let b be 1/((-32)/(-56) - 60/56). Calculate v(b).
8
Let u(h) be the first derivative of h**4/12 - h**2/2 - 4*h + 16. Let t(g) be the second derivative of u(g). Calculate t(-2).
-4
Let k = 29 + -23. Suppose k*s + 9 = -3. Let j(d) = 3*d**3 + 5*d**2 + 5*d + 4. Let y(z) = -z**3 - z**2 - z - 2. Let b(c) = -j(c) - 2*y(c). What is b(s)?
2
Let s(x) be the first derivative of x**4/4 - 11*x**3/3 + 11*x - 3315. What is s(11)?
11
Let u = -510 + 518. Let r(v) = 3*v**2 - 13*v - 1. Let p(j) = -j**2 + 4*j. Let q(l) = 11*p(l) + 4*r(l). Calculate q(u).
-4
Let u(o) = o**3 + 5*o**2 + 3*o - 2. Suppose 140*h + 110 = -590. Calculate u(h).
-17
Let s(v) be the first derivative of -v**4/4 - 14*v**3 + 44*v**2 + 10929. Calculate s(-44).
0
Let l(v) be the second derivative of v**5/20 - v**4/4 - v**3 + v**2/2 + 3*v. Let x = 6439 - 6435. Calculate l(x).
-7
Let r(q) be the first derivative of -9*q - 1/3*q**3 + 0*q**2 - 85. Suppose -v = 4*v. Determine r(v).
-9
Let d(f) be the first derivative of 4*f - 3/2*f**2 - 104. Give d(-2).
10
Let q(s) = -s**3 + s**2 + 12 - 84189*s + 84208*s - 15*s**2. Calculate q(-15).
-48
Let r(z) = -z**3 - 17*z**2 - 17*z + 11. Let f = 493 + -509. Determine r(f).
27
Suppose -9*t + 3*t = -19*t + 39. Let b(z) be the third derivative of -z**6/120 + z**5/20 - z**4/24 - z**3/2 - 2*z**2. Give b(t).
-6
Let c(d) be the second derivative of 7 + 0*d**2 + d - 19/6*d**3. Calculate c(2).
-38
Let d(r) = -r**2 + 8*r + 3. Let s be 10/(((-22)/77)/(60/21)). Let c = -91 - s. Calculate d(c).
-6
Let b(l) = l**3 + 3*l**2 - l - 3. Let f be b(-3). Let n = f + 0. Let w(k) be the second derivative of -k**4/12 + 5*k**2/2 - 102*k - 135. Give w(n).
5
Let z(w) be the third derivative of w**5/60 - w**4/24 - 5*w**3/3 - 1078*w**2. Give z(10).
80
Suppose 75825*l - 81 = 75798*l. Let p(f) = 3*f + 1 + 2*f**2 - f**2 + 1 - 4. Give p(l).
16
Let t(k) = -k**2 - 9*k - 13. Let b be (-3)/(-13) - (-1712)/(-208). Calculate t(b).
-5
Let y(l) = l**2 + 32*l + 14. Let c(z) = 57*z + 653. Let x be c(-12). Give y(x).
-17
Suppose -343*n + 6 = -345*n + 4*u, -3*n - 18 = 3*u. Let k(r) = 2*r**2 + 7*r - 1. Calculate k(n).
14
Let k be (-1)/(-1) - 1974/14. Let z = 134 + k. Let t(s) = 5*s - 2. Calculate t(z).
-32
Suppose -459 - 9 = -3*b. Let n be -5 + b/32 - (-195)/(-40). Let v(q) = 6*q + 6. Give v(n).
-24
Let d be (0 - -3) + (2 - 2). Let v(p) = -p**3 + 1 + 3*p**3 + 2*p**2 + p - p**d. Let y = 3657 - 3659. Calculate v(y).
-1
Let r(c) be the third derivative of -c**4/24 - 5*c**3/3 - 3*c**2. Let a be r(-13). Let g(l) = 1 - 2 + 3 - 41*l + 84*l - 41*l. Determine g(a).
8
Let u(s) = 40*s**2 - 339*s - 59. Let f(y) = -32*y**2 + 340*y + 57. Let z(g) = 6*f(g) + 5*u(g). What is z(-43)?
4
Let o = 11752 + -11757. Let w(j) = -j**3 - 5*j**2 + 5*j - 10. Give w(o).
-35
Let c(t) = -13*t - 17. Let k(s) = s - 9. Let i(l) = l + 8. Let q(y) = 3*i(y) + 2*k(y). Let r(m) = 6*c(m) + 17*q(m). What is r(1)?
7
Let t be (8/(-16)*-1)/(2/40). Let b(x) = 3*x**2 + 8 - 2*x**2 - 9*x - t + 0*x**2 + 14. Calculate b(9).
12
Let p(t) = t**3 - 6*t**2 - t - 3. Let h be (-4)/16*-4 - (1 - 4)*2. Calculate p(h).
39
Let o(v) be the second derivative of v**4/12 + 5*v**3/6 + v**2 + 4*v + 1271. Determine o(1).
8
Let x(o) = o**2 + 2*o - 1. Let r(c) = 2*c**2 - 16*c - 51. Let s be r(11). Let p be (20/30)/((-5)/s). Give x(p).
-1
Let l(q) = -2*q**3 + 14*q**2 + 9*q + 2. Suppose 0 = -4*u - 32*u - u + 259. Give l(u).
65
Let m(r) be the first derivative of -r**3/3 - 7*r**2/2 - 4*r + 217. Let h be ((-1)/3)/(2/(-66)). Suppose -3*c = -0*t - 3*t + 21, -3*c - h = 2*t. Determine m(c).
6
Let j(d) = -2*d - 5. Let q(o) = 5*o + 2. Let w(c) = 21*c + 7. Let r(u) = 9*q(u) - 2*w(u). Let y(i) = -4*j(i) - 5*r(i). Determine y(1).
-7
Let t be 9/(-45) + (-7)/((-210)/2736). Let h(q) = 44*q + 49*q + 1 - t*q + 1. Let b(f) = -f**2 - 5. Let d be b(0). Calculate h(d).
-8
Let p(d) = -57*d + 353. Let g be p(6). Let a(x) = x**3 - 12*x**2 + 14*x - 36. Calculate a(g).
-3
Let x be (-1 + -1)*(-2104)/16. Suppose 259*y = x*y + 32. Let v(m) = 2*m - 2. Determine v(y).
-18
Let j(r) = r**3 - 9*r**2 - 22*r - 13. Suppose 143*m - 2453 = -62*m - 18*m. What is j(m)?
-13
Let t(o) be the second derivative of -3*o**4/4 + o**3/3 + 34*o**2 - 126*o. Let f(m) be the first derivative of t(m). Give f(1).
-16
Let s(m) be the first derivative of -m**6/360 - m**5/40 + m**4/24 + 10*m**3 - 46. Let w(y) be the third derivative of s(y). Give w(2).
-9
Let u be 2 + 42 + 53833/(-1313). Let a(o) be the first derivative of 5*o**2/2 - 2*o - 1. Give a(u).
13
Let g(l) = 410*l - 49. Let b(y) = -149*y + 16. Let z(u) = 11*b(u) + 4*g(u). What is z(-6)?
-26
Let x(j) = -5*j - 8. Suppose 342*m = 337*m - t + 34, 5*m = 3*t - 2. Give x(m).
-33
Let i(j) be the first derivative of -5/3*j**3 - 3*j**2 - j + 2 + 1/4*j**4. Let s = -3102 + 3108. Determine i(s).
-1
Suppose 0 = 45*h + 30*h - 20*h - 220. Let y(z) = 28*z**2 + z**3 - 2 + 3*z - 15*z**2 - 20*z**2. Determine y(h).
-38
Let a(t) = -t**3 + 13*t**2 + 3*t - 14. Let y(o) = 2*o**2 - 67*o + 109. Let v be y(32). Give a(v).
25
Let v(c) = c**3 - 8*c**2 - 9. Suppose 2*s + 4*b = 20, -10*s = -12*s + 3*b + 13. What is v(s)?
-9
Let n(a) = -106*a + 743. Let i be n(7). Let h(b) = -30*b**3 - 4*b**2 + 3*b. Determine h(i).
-31
Let v be (-26)/104 - (-85)/4. Let b(w) = -w**3 + 20*w**2 + 23*w - 47. Let u be b(v). Let t(y) = -y**2 - 7*y - 7. Calculate t(u).
3
Suppose n = 5*p + 29, -23 = 5*p - 5*n + 2. Let g(x) = x**2. Let f(j) = -10*j**2 + 3*j. Let k(h) = p*g(h) - f(h). Give k(2).
10
Let w(f) = f**2 - 10*f - 24. Let b be w(12). Let m(u) = -u**2 + u - 21. Determine m(b).
-21
Let c(a) = a**3 + 102*a**2 + 13*a + 4. Let b be c(0). Let s(h) = 5*h - 8. Let q(t) = 3*t - 4. Let y(g) = 5*q(g) - 2*s(g). What is y(b)?
16
Let y(b) be the second derivative of -b**5/20 + 7*b**4/12 - b**3 - 3*b**2/2 + b. Let a(r) = 15*r**2 + 464*r + 1599. Let s be a(-27). Determine y(s).
-3
Let r(j) = 14*j - 14. Let y be r(1). Let q(d) = 1 + y - 4 + 3 - 2 + d**2. Give q(5).
23
Suppose d - 2 = -1. Let v = 1187 - 1185. Let s(b) = 5 + 5*b - d - 4*b - v. What is s(-1)?
1
Let r(b) be the second derivative of b**3/6 + 45*b**2/2 + b + 77. What is r(-13)?
32
Let l(g) = g**3 + 6*g**2 - 20*g - 14. Let b be l(-8). Suppose 10*q - q - b = 0. Let o(r) = 1 - 27*r**2 + 10*r**2 + 1 + 15*r**q. Determine o(2).
-6
Let q = -279 + 280. Let y(a) = a**2 - a. Let w(o) = 2*o**2 - 7*o - 5. Let m(l) = q*w(l) - y(l). Give m(8).
11
Let l(w) = -200*w + 1611. Let c be l(8). Let r(d) = 15*d**2 - 57*d + 6. Let x(s) = 8*s**2 - 29*s + 3. Let p(g) = 6*r(g) - 11*x(g). What is p(c)?
-8
Let i(s) be the first derivative of -2*s**2 - 2*s - 14. Suppose 4*x = -25 + 21. Let l(r) = r**2 - 4*r - 2. Let u be l(x). Calculate i(u).
-14
Let f(v) be the first derivative of -42 - 13/6*v**3 - 31/2*v**2 + 1/60*v**5 - 7/24*v**4 + 0*v. Let r(k) be the second derivative of f(k). Calculate r(9).
5
Suppose 3*s - 3*c = -c + 14, -2*s - 4*c - 12 = 0. Let j(f) be the third derivative of f**5/12 - f**4/12 - 98*f**2. Determine j(s).
16
Let b(f) = 25*f - 1558. Let w be b(62). Let s(y) = -y**2 - 6*y + 24. Give s(w).
8
Let l(a) = 3*a - 3 + 5 - a**3 + 2*a**2 + 4*a - 6*a. Let u = 541 - 495. Suppose 0 = -10*v + 26 - u. What is l(v)?
16
Let c(f) = 6 - 2 + 12523*f - 12516*f. Give c(3).
25
Let w(g) = 2*g**3 - 2*g**2 + 6*g - 3. Let h be -2 + -2*(-4)/2. Determine w(h).
17
Let m be -2 + 0 + -19 + 3. Let d be 4/m + 14/63. Let c(v) = -v**3 + 7. Determine c(d).
7
Let q(m) = -9*m**3 + 16 + 8*m - 10*m**3 + 20*m**3 - 13*m**2 + m**2 + 4*m**2. Calculate q(7).
23
Let y be (-1)/3 + 5/(-3). Let u = -2 - y. Let f(p) = 17*p**2 - p + 9. Let j(b) = -2*b**2 - 2. Let r(c) = -f(c) - 8*j(c). Calculate r(u).
7
Suppose -p = 5*d - 28, d - 8 = 6*p - 7*p. Suppose -4*t - 4*k - 60 = 0, -4*t - 7 = -d*k + 17. Let s(h) = -h**3 - 11*h**2 + h 